9*m - 160 = -4*k - 8*m. Let i = k - 1. List the prime factors of i.
3, 13
Suppose 4*j + 326*z = 321*z + 20305, 10177 = 2*j - z. List the prime factors of j.
3, 5, 113
What are the prime factors of 7*249/(-6)*(-76)/38?
7, 83
Let w(k) = k**3 + 9*k**2 + 9*k + 12. Let y be w(-8). Suppose -y*v - 2 = -10. What are the prime factors of (-60)/6*(-17)/v?
5, 17
What are the prime factors of 21/15 - (2610927/(-55))/9?
2, 1319
Suppose 2*j = 4*n - n - 882, 1323 = -3*j + 5*n. Let b = j - -715. List the prime factors of b.
2, 137
Let t = -1090 + 752. Let f = -319 - t. What are the prime factors of f?
19
Let f = 6641 + -4404. Suppose 4*a - f = -3*t, 0 = 57*a - 59*a - 3*t + 1123. What are the prime factors of a?
557
Let d = 2788 - 272. What are the prime factors of d?
2, 17, 37
Let t(p) = 8*p + 65. Let f(j) = -15*j - 130. Let n(q) = -3*f(q) - 5*t(q). Let x be n(-12). Suppose -x*o + o + 568 = 0. What are the prime factors of o?
2, 71
Suppose -4*v - 9*i = -12*i - 69001, -3*v - 2*i + 51755 = 0. List the prime factors of v.
13, 1327
List the prime factors of ((-38)/(-9) - (-6)/(-27)) + 72936/9.
2, 2027
Suppose -75*f - 361479 = 46*f - 2060198. What are the prime factors of f?
101, 139
Let p = 39 + 56. Suppose 0 = 4*s + 5*v + 82, s + 8 = v - 8. Let u = s + p. List the prime factors of u.
7, 11
Suppose -q + 2*t = -1446, 5802 = 4*q - 30*t + 28*t. List the prime factors of q.
2, 3, 11
Let h(f) = 13*f**2 + 216*f + 9807. List the prime factors of h(-39).
2, 3, 41, 43
Let r = -49 - 342. Let d = r - -626. What are the prime factors of d?
5, 47
Let l(j) = 67*j + 270. Let t be l(-4). Suppose -h = 3*h - 4*k - 3916, 0 = -5*h + t*k + 4886. What are the prime factors of h?
2, 61
Suppose 70*w - 4*a - 108539 = 67*w, 2*w = -2*a + 72322. List the prime factors of w.
7, 5167
Let b(m) be the first derivative of m**4/4 - m**3/3 + m**2 + 7*m - 25. Let o be b(0). List the prime factors of (o - -36) + (1 - 3).
41
Suppose 8*u - 65379 = 150957. What are the prime factors of u?
2, 3, 4507
Suppose 183*i - 184*i + 18007 = 0. List the prime factors of i.
11, 1637
Let m be 2/(-4)*(-6)/24*8. What are the prime factors of (-2899)/(-78) + m/(-6)?
37
Let m(w) = -155*w - 92. Let u = 220 + -224. List the prime factors of m(u).
2, 3, 11
Let h = -54 + 27. Let f = 31 + h. Suppose -f*t + 162 = -3*t. What are the prime factors of t?
2, 3
Suppose -3*c = 5*f - 44451, 545*f - 29627 = -2*c + 544*f. List the prime factors of c.
2, 7, 23
Let a(u) = -u**3 + 36*u**2 + 79*u - 84. Let z be a(38). Suppose 29*o - z*o + 1318 = 0. List the prime factors of o.
2, 659
Let m = -572 + 573. List the prime factors of m + (-6)/(0 + 5/(-305)).
367
Let i(x) = -246*x - 149. Let l be i(8). Let s = 3605 + l. What are the prime factors of s?
2, 3, 31
Let d be (-344)/(-44) + 18/99. Suppose -6*c - 678 = -d*c. What are the prime factors of c?
3, 113
Let d(s) = -s - 1. Let g(o) be the second derivative of 17*o**3/3 - 7*o**2/2 + 30*o. Let z(k) = 4*d(k) - g(k). List the prime factors of z(-3).
3, 13
Let i = 32 - 29. Suppose -4*t + 2*z = -2*z - 148, -5*z + 71 = i*t. Let s = t - -77. What are the prime factors of s?
109
Let c(j) = -46*j**3 + 5*j**2 - 5*j. Let u be c(2). Let w = -169 - u. What are the prime factors of w?
3, 7
Let w = 21 - 16. Suppose -j - 5*l - 11 = w, 2 = -l. List the prime factors of (-894)/(-8) + j/(-24).
2, 7
Let l be (17 + -1)*((-116)/(-16) + -5). Suppose 0 = c - 3*h - l, -14 = -5*h + 6. List the prime factors of c.
2, 3
Suppose -x = -11 + 5. Suppose 2421 = 3*q + 2*n - n, -x*n + 1630 = 2*q. What are the prime factors of q?
2, 13, 31
Suppose 4*i - 4*q + 89036 = 6*i, -2*i = -q - 88991. List the prime factors of i.
2, 5, 89
Let b(x) = 5*x**3 + 77*x**2 + 14*x - 84. List the prime factors of b(10).
2, 3, 1063
Let k(o) = 2*o**3 + o**2 + 2*o - 9. Let n be k(4). Let h = n - 64. Suppose -h = 5*q - 344. List the prime factors of q.
53
Let s be 6*(-6)/12 + -1. List the prime factors of 271 + s - (-2 + 4).
5, 53
Let s = 41 + -39. Suppose k + 4*v = 626, -2 = s*v - 3*v. Let y = k + -440. List the prime factors of y.
2, 89
Suppose 0 = r - b - 7, -2*r - 12 + 11 = 3*b. Let g be -1*(422/(-2) - 0). Suppose -2*u - g = z - 4*z, 349 = 5*z - r*u. List the prime factors of z.
73
Let d(s) = s**2 + 4*s - 26. Let x be d(6). Suppose 21 = -2*y + 5*v, -v + 6*v = 3*y + x. List the prime factors of -309*(4 + y/3).
103
Suppose 0 = -o + 5*i + 18, 0 = 3*o + 3*i - 22 - 14. Suppose 0 = -5*c - 2*p - 66, -3*p = 2*c - 4*p + 21. What are the prime factors of o + 0*(-4)/c?
13
Let j = -56 - -64. Let t be 2/j*6 - 1/(-2). Suppose 5*n - 4*h - 88 = 337, -91 = -n + t*h. What are the prime factors of n?
3
Let w = 49 + -47. Suppose 2756 = -w*j + 28*j. List the prime factors of j.
2, 53
List the prime factors of (-579500)/(-28 - -3) - (7 + 3).
2, 5, 7, 331
What are the prime factors of (55 + -2)*1243/44 + (-3)/(-4)?
2, 7, 107
Suppose 248*c - 31170 = -4*g + 250*c, 4*c + 12 = 0. List the prime factors of g.
3, 7, 53
Let n(d) = 22*d**2 - 30*d - 107. What are the prime factors of n(-9)?
5, 389
Suppose -65*x + 2200759 = 5*x - 11*x. List the prime factors of x.
11, 3391
Let q(k) = -56*k - 141. Let s be q(-10). Suppose l + 0*l - s = 0. List the prime factors of l.
419
Let p be 2/(-7) + (-2)/(-7). Let q(t) = 23*t**2 - 425*t - 36. Let c be q(19). Suppose p*f + 2*i - 74 = -f, 3*f - c = 4*i. List the prime factors of f.
2, 17
Let f(o) = 18*o**3 + 6*o**2 - 15*o - 4. List the prime factors of f(6).
2, 5, 401
Let o(x) = x - 1. Let j be o(-3). Let n be 3 - (4 - 4 - j). What are the prime factors of n + ((-1386)/18)/(-1 - 0)?
2, 19
What are the prime factors of (-21 - 160/(-8))*-41995?
5, 37, 227
Let r(g) = -19*g**3 - 4*g - 3. Let c be r(-1). Let h(x) = 8*x - 85. What are the prime factors of h(c)?
3, 5
List the prime factors of 1/(-9) - -46*(-10)/(-9).
3, 17
Suppose 5*j - 9367 = 20*k - 22*k, j = 5*k - 23458. List the prime factors of k.
4691
Suppose -11 = -3*b - 4*v + 3*v, 0 = 4*b - 4*v - 4. Let o be (-334)/4*(-6)/3. Suppose -b*a + 416 = 4*n, -2*a = n - o + 58. What are the prime factors of n?
101
List the prime factors of (8/((-16)/9))/(24/(-15664)).
3, 11, 89
Suppose -13*w + 19*w + 24 = 0. Let y(q) = 75*q + 2. Let b be y(w). What are the prime factors of 2*1/(-4)*b?
149
Let t = -295 - -309. Suppose -43860 = -29*o - t*o. What are the prime factors of o?
2, 3, 5, 17
Let l(b) = 2*b**3 - 37*b**2 - 47*b - 73. Suppose 2*p - 72 = -30. List the prime factors of l(p).
5, 229
Let o be -3 - (2 - -4 - -56). Let i be (-5)/((10/(-11255))/(-2)). List the prime factors of i/o + 1 - (-4)/(-26).
2, 3, 29
Suppose 0 = 5*z - w - 196383, -105905 = -2*z - 2*w - 27371. List the prime factors of z.
5, 1571
Suppose o = 6*h - 4*h - 300, -o - 306 = 4*h. Let x = o - -587. What are the prime factors of x?
3, 5, 19
Let k(j) = -j**3 + 23*j**2 - 40*j - 42. Let u be k(21). Suppose -o = 2*o - 4*f + 112, u = -4*o - 5*f - 139. Let s = o - -104. What are the prime factors of s?
2, 17
Suppose 0 = i - 12 + 1. Let v(t) = 5*t - 3. Let o be v(-5). Let c = i - o. What are the prime factors of c?
3, 13
Suppose -2 = -6*w - 26. Let h be (-2 - -4)/(-3 - w). Suppose i + 7 = t - 8, 30 = h*t - i. What are the prime factors of t?
3, 5
Suppose 49*h - 2780416 - 77754 = 0. List the prime factors of h.
2, 5, 19, 307
Let o = -45 + 48. Suppose o*g = -5*x + 775, 106 = 2*g - 5*x - 419. What are the prime factors of g?
2, 5, 13
Let v be 336/88 + (6/33)/1. Suppose -1169 = -3*i + z, v*i - 3*z - 1557 = -0*z. Suppose -6*q = -i - 42. What are the prime factors of q?
2, 3
Suppose 74*o - 2776017 = -343403 - 146310. List the prime factors of o.
2, 1931
Suppose 4 = u, -5*u + 47 + 133 = -x. Let g = 252 + x. What are the prime factors of g?
2, 23
Suppose 697291 = 209*p - 142*p + 16303. List the prime factors of p.
2, 3, 7, 11
Let i(w) = -2824*w + 911. List the prime factors of i(-6).
5, 3571
Suppose 3675 = j - 6*j - r, 3*r = -j - 721. Let l = 283 + j. What are the prime factors of l*((-3)/(-45) + (-2)/5)?
151
Let t(l) = -6*l + 54. Let q be (-6)/(-8)*-2*(-124)/93. Let x be 2/((-20)/q) + (-29)/(-145). What are the prime factors of t(x)?
2, 3
Let j(f) = -3 - 2*f**3 + 3056*f + f**3 - 3055*f - 4*f**2 + 2. Let a(h) = h - 14. Let i be a(9). What are the prime factors of j(i)?
19
Suppose 11*s - 13*s = 14. Let r(y) = 7*y**2 + 7*y + 22. Let p be r(s). Let f 